{"id":244,"date":"2020-12-16T21:52:57","date_gmt":"2020-12-16T20:52:57","guid":{"rendered":"http:\/\/www.jeunessemandoliniste.com\/?page_id=244"},"modified":"2020-12-17T15:15:39","modified_gmt":"2020-12-17T14:15:39","slug":"cd-automne-2020","status":"publish","type":"page","link":"https:\/\/www.jeunessemandoliniste.com\/?page_id=244","title":{"rendered":"CD \u00ab Automne 2020 \u00bb"},"content":{"rendered":"\n<div class=\"wp-block-image is-style-default\"><figure class=\"aligncenter size-medium is-resized\"><img loading=\"lazy\" decoding=\"async\" src=\"https:\/\/www.jeunessemandoliniste.com\/wp-content\/uploads\/2020\/12\/Montage-300x276.jpg\" alt=\"\" class=\"wp-image-263\" width=\"300\" height=\"276\" srcset=\"https:\/\/www.jeunessemandoliniste.com\/wp-content\/uploads\/2020\/12\/Montage-300x276.jpg 300w, https:\/\/www.jeunessemandoliniste.com\/wp-content\/uploads\/2020\/12\/Montage-1024x942.jpg 1024w, https:\/\/www.jeunessemandoliniste.com\/wp-content\/uploads\/2020\/12\/Montage-768x706.jpg 768w, https:\/\/www.jeunessemandoliniste.com\/wp-content\/uploads\/2020\/12\/Montage-1536x1412.jpg 1536w, https:\/\/www.jeunessemandoliniste.com\/wp-content\/uploads\/2020\/12\/Montage.jpg 1640w\" sizes=\"auto, (max-width: 300px) 100vw, 300px\" \/><\/figure><\/div>\n\n\n\n<p>Enregistr\u00e9 juste avant le confinement, le nouveau CD de la Jeunesse Mandoliniste d\u2019Hagondange est bien repr\u00e9sentatif de son r\u00e9pertoire actuel. Ainsi on y trouve des \u0153uvres de musiciens contemporains internationaux qui renouvellent le r\u00e9pertoire des orchestres \u00e0 plectre : \u00abDanza Cubana\u00bb de <em>Dominik Hackner<\/em>, \u00abAu del\u00e0 de l&rsquo;Arc-en-ciel\u00bb de <em>Yasuo Kuwahara<\/em> ou encore \u00abMadrid\u00bb du compositeur Messin <em>Ricardo Sandoval<\/em>. <br>Mais le point fort de ce CD est sans aucun doute le \u00ab Concerto de <em>Fried Walter<\/em> \u00bb, pour violon solo, ch\u0153ur de fl\u00fbtes, bassons et orchestre \u00e0 plectre. <br>Il a consist\u00e9 en un partenariat avec la classe de fl\u00fbte \u00e0 bec du conservatoire de <em>Dominique R\u00e9my<\/em> et nous a permis d\u2019accueillir une nouvelle fois pour notre plus grand plaisir la talentueuse et ravissante violoniste, <em>St\u00e9phanie Germani-Grevedon<\/em>.<\/p>\n\n\n\n<p><br>La sortie officielle de ce nouvel opus de la JMH \u00e9tait pr\u00e9vue pour le concert de printemps puis repouss\u00e9e au concert d\u2019automne\u2026<br>Les deux confinements ne nous ont pas permis de le pr\u00e9senter officiellement \u00e0 notre public.<br>C\u2019est donc par le principe \u00e0 pr\u00e9sent bien connu du \u00ab clip and collect \u00bb que nous vous proposons ce nouveau CD de la Jeunesse Mandoliniste d\u2019Hagondange.<\/p>\n\n\n\n<p><br>Rdv aupr\u00e8s de Fran\u00e7ois Brochet (brochet.francois@gmail.com ou 06 01 80 27 43) au Conservatoire de Musique Municipal <br>6, rue Pierre S\u00e9mard (entr\u00e9e rue Alb\u00e9ric Magnard) <br>57300 Hagondange<br>Prix de vente <strong>10\u20ac<\/strong> par ch\u00e8que \u00e0 l\u2019ordre de la<strong> Jeunesse Mandoliniste d\u2019Hagondange<\/strong>.<\/p>\n","protected":false},"excerpt":{"rendered":"<p>Enregistr\u00e9 juste avant le confinement, le nouveau CD de la Jeunesse Mandoliniste d\u2019Hagondange est bien repr\u00e9sentatif de son r\u00e9pertoire actuel. Ainsi on y trouve des \u0153uvres de musiciens contemporains internationaux qui renouvellent le r\u00e9pertoire des orchestres \u00e0 plectre : \u00abDanza Cubana\u00bb de Dominik Hackner, \u00abAu del\u00e0 de l&rsquo;Arc-en-ciel\u00bb de Yasuo Kuwahara ou encore \u00abMadrid\u00bb du [&hellip;]<\/p>\n","protected":false},"author":1,"featured_media":263,"parent":0,"menu_order":0,"comment_status":"closed","ping_status":"closed","template":"","meta":{"footnotes":""},"class_list":["post-244","page","type-page","status-publish","has-post-thumbnail","hentry"],"_links":{"self":[{"href":"https:\/\/www.jeunessemandoliniste.com\/index.php?rest_route=\/wp\/v2\/pages\/244","targetHints":{"allow":["GET"]}}],"collection":[{"href":"https:\/\/www.jeunessemandoliniste.com\/index.php?rest_route=\/wp\/v2\/pages"}],"about":[{"href":"https:\/\/www.jeunessemandoliniste.com\/index.php?rest_route=\/wp\/v2\/types\/page"}],"author":[{"embeddable":true,"href":"https:\/\/www.jeunessemandoliniste.com\/index.php?rest_route=\/wp\/v2\/users\/1"}],"replies":[{"embeddable":true,"href":"https:\/\/www.jeunessemandoliniste.com\/index.php?rest_route=%2Fwp%2Fv2%2Fcomments&post=244"}],"version-history":[{"count":6,"href":"https:\/\/www.jeunessemandoliniste.com\/index.php?rest_route=\/wp\/v2\/pages\/244\/revisions"}],"predecessor-version":[{"id":294,"href":"https:\/\/www.jeunessemandoliniste.com\/index.php?rest_route=\/wp\/v2\/pages\/244\/revisions\/294"}],"wp:featuredmedia":[{"embeddable":true,"href":"https:\/\/www.jeunessemandoliniste.com\/index.php?rest_route=\/wp\/v2\/media\/263"}],"wp:attachment":[{"href":"https:\/\/www.jeunessemandoliniste.com\/index.php?rest_route=%2Fwp%2Fv2%2Fmedia&parent=244"}],"curies":[{"name":"wp","href":"https:\/\/api.w.org\/{rel}","templated":true}]}}

<div class="wp-block-image is-style-default"><figure class="aligncenter size-medium is-resized"><img loading="lazy" decoding="async" src="https://www.jeunessemandoliniste.com/wp-content/uploads/2020/12/Montage-300x276.jpg" alt="" class="wp-image-263" width="300" height="276" srcset="https://www.jeunessemandoliniste.com/wp-content/uploads/2020/12/Montage-300x276.jpg 300w, https://www.jeunessemandoliniste.com/wp-content/uploads/2020/12/Montage-1024x942.jpg 1024w, https://www.jeunessemandoliniste.com/wp-content/uploads/2020/12/Montage-768x706.jpg 768w, https://www.jeunessemandoliniste.com/wp-content/uploads/2020/12/Montage-1536x1412.jpg 1536w, https://www.jeunessemandoliniste.com/wp-content/uploads/2020/12/Montage.jpg 1640w" sizes="auto, (max-width: 300px) 100vw, 300px" /></figure></div>



<p>Enregistré juste avant le confinement, le nouveau CD de la Jeunesse Mandoliniste d’Hagondange est bien représentatif de son répertoire actuel. Ainsi on y trouve des œuvres de musiciens contemporains internationaux qui renouvellent le répertoire des orchestres à plectre : «Danza Cubana» de <em>Dominik Hackner</em>, «Au delà de l&rsquo;Arc-en-ciel» de <em>Yasuo Kuwahara</em> ou encore «Madrid» du compositeur Messin <em>Ricardo Sandoval</em>. <br>Mais le point fort de ce CD est sans aucun doute le « Concerto de <em>Fried Walter</em> », pour violon solo, chœur de flûtes, bassons et orchestre à plectre. <br>Il a consisté en un partenariat avec la classe de flûte à bec du conservatoire de <em>Dominique Rémy</em> et nous a permis d’accueillir une nouvelle fois pour notre plus grand plaisir la talentueuse et ravissante violoniste, <em>Stéphanie Germani-Grevedon</em>.</p>



<p><br>La sortie officielle de ce nouvel opus de la JMH était prévue pour le concert de printemps puis repoussée au concert d’automne…<br>Les deux confinements ne nous ont pas permis de le présenter officiellement à notre public.<br>C’est donc par le principe à présent bien connu du « clip and collect » que nous vous proposons ce nouveau CD de la Jeunesse Mandoliniste d’Hagondange.</p>



<p><br>Rdv auprès de François Brochet (brochet.francois@gmail.com ou 06 01 80 27 43) au Conservatoire de Musique Municipal <br>6, rue Pierre Sémard (entrée rue Albéric Magnard) <br>57300 Hagondange<br>Prix de vente <strong>10€</strong> par chèque à l’ordre de la<strong> Jeunesse Mandoliniste d’Hagondange</strong>.</p>

<p>Enregistré juste avant le confinement, le nouveau CD de la Jeunesse Mandoliniste d’Hagondange est bien représentatif de son répertoire actuel. Ainsi on y trouve des œuvres de musiciens contemporains internationaux qui renouvellent le répertoire des orchestres à plectre : «Danza Cubana» de Dominik Hackner, «Au delà de l&rsquo;Arc-en-ciel» de Yasuo Kuwahara ou encore «Madrid» du [&hellip;]</p>
