{"id":56,"date":"2019-06-02T23:16:42","date_gmt":"2019-06-02T21:16:42","guid":{"rendered":"http:\/\/www.jeunessemandoliniste.com\/?page_id=56"},"modified":"2020-12-18T09:47:24","modified_gmt":"2020-12-18T08:47:24","slug":"actualites","status":"publish","type":"page","link":"https:\/\/www.jeunessemandoliniste.com\/?page_id=56","title":{"rendered":"Actualit\u00e9s"},"content":{"rendered":"\n<div class=\"wp-block-image\"><figure class=\"aligncenter\"><figure><a href=\"https:\/\/www.jeunessemandoliniste.com\/?cat=3\"><img loading=\"lazy\" decoding=\"async\" width=\"172\" height=\"293\" src=\"https:\/\/www.jeunessemandoliniste.com\/wp-content\/uploads\/2019\/06\/Chef_orchestre.png\" alt=\"\" class=\"wp-image-188\"><\/a><\/figure><figcaption> <a href=\"https:\/\/www.jeunessemandoliniste.com\/?cat=3\"><br><\/a><h4><a href=\"https:\/\/www.jeunessemandoliniste.com\/?cat=3\">Actualit\u00e9s sur nos concerts, pass\u00e9s et surtout \u00e0 venir !<\/a><\/h4><\/figcaption><\/figure><\/div>\n\n\n\n<figure class=\"wp-block-image size-medium is-resized\"><a href=\"https:\/\/www.jeunessemandoliniste.com\/?page_id=244\"><img loading=\"lazy\" decoding=\"async\" src=\"https:\/\/www.jeunessemandoliniste.com\/wp-content\/uploads\/2020\/12\/Montage-300x276.jpg\" alt=\"\" class=\"wp-image-263\" width=\"150\" height=\"138\" srcset=\"https:\/\/www.jeunessemandoliniste.com\/wp-content\/uploads\/2020\/12\/Montage-300x276.jpg 300w, https:\/\/www.jeunessemandoliniste.com\/wp-content\/uploads\/2020\/12\/Montage-1024x942.jpg 1024w, https:\/\/www.jeunessemandoliniste.com\/wp-content\/uploads\/2020\/12\/Montage-768x706.jpg 768w, https:\/\/www.jeunessemandoliniste.com\/wp-content\/uploads\/2020\/12\/Montage-1536x1412.jpg 1536w, https:\/\/www.jeunessemandoliniste.com\/wp-content\/uploads\/2020\/12\/Montage.jpg 1640w\" sizes=\"auto, (max-width: 150px) 100vw, 150px\" \/><\/a><\/figure>\n\n\n\n<p><strong><em>Nouveau CD !<br>\u00e0 retrouver sous l&rsquo;onglet : <a href=\"https:\/\/www.jeunessemandoliniste.com\/?page_id=244\" data-type=\"URL\" data-id=\"https:\/\/www.jeunessemandoliniste.com\/?page_id=244\">r\u00e9pertoire<\/a><\/em><\/strong><\/p>\n","protected":false},"excerpt":{"rendered":"<p>Actualit\u00e9s sur nos concerts, pass\u00e9s et surtout \u00e0 venir ! Nouveau CD !\u00e0 retrouver sous l&rsquo;onglet : r\u00e9pertoire<\/p>\n","protected":false},"author":1,"featured_media":0,"parent":0,"menu_order":0,"comment_status":"closed","ping_status":"closed","template":"","meta":{"footnotes":""},"class_list":["post-56","page","type-page","status-publish","hentry"],"_links":{"self":[{"href":"https:\/\/www.jeunessemandoliniste.com\/index.php?rest_route=\/wp\/v2\/pages\/56","targetHints":{"allow":["GET"]}}],"collection":[{"href":"https:\/\/www.jeunessemandoliniste.com\/index.php?rest_route=\/wp\/v2\/pages"}],"about":[{"href":"https:\/\/www.jeunessemandoliniste.com\/index.php?rest_route=\/wp\/v2\/types\/page"}],"author":[{"embeddable":true,"href":"https:\/\/www.jeunessemandoliniste.com\/index.php?rest_route=\/wp\/v2\/users\/1"}],"replies":[{"embeddable":true,"href":"https:\/\/www.jeunessemandoliniste.com\/index.php?rest_route=%2Fwp%2Fv2%2Fcomments&post=56"}],"version-history":[{"count":14,"href":"https:\/\/www.jeunessemandoliniste.com\/index.php?rest_route=\/wp\/v2\/pages\/56\/revisions"}],"predecessor-version":[{"id":293,"href":"https:\/\/www.jeunessemandoliniste.com\/index.php?rest_route=\/wp\/v2\/pages\/56\/revisions\/293"}],"wp:attachment":[{"href":"https:\/\/www.jeunessemandoliniste.com\/index.php?rest_route=%2Fwp%2Fv2%2Fmedia&parent=56"}],"curies":[{"name":"wp","href":"https:\/\/api.w.org\/{rel}","templated":true}]}}